ors of 2/(-3) + (-1256)/l?
2, 13
Let t(q) be the first derivative of -7/3*q**3 + 7/2*q**2 - 7 - 1/4*q**4 - q. List the prime factors of t(-8).
7
Let h(p) = 2*p + 10. Let i be h(-3). Suppose 4*l - 817 = -y, -404 = -3*l + l + i*y. List the prime factors of l.
2, 3, 17
Let x = 10 + -2. Suppose m = -23 - x. Let j = m + 46. List the prime factors of j.
3, 5
Let o be 1*(-15)/(-3) - 3. Suppose 0 = -3*i - f + 7, i + o*i + 3*f + 3 = 0. Suppose -i*u + 80 = -0*u. List the prime factors of u.
2, 5
Suppose 5*v - 2*y = 7804 + 1877, -v + 5*y = -1927. List the prime factors of v.
13, 149
Let h be (5/((-35)/(-6)))/((-2)/(-28)). Let o = 80 - h. List the prime factors of o.
2, 17
Let u(a) = 4*a**2 + 11. What are the prime factors of u(17)?
3, 389
Let s(h) be the third derivative of -5*h**4/4 + 3*h**3/2 - h**2 - 2. What are the prime factors of s(-2)?
3, 23
Suppose 0 = d + 74 + 22. Let o = d + 142. What are the prime factors of o?
2, 23
Let l(f) = -88*f**2 - f + 3. Let b(v) = 264*v**2 + 2*v - 10. Let s(z) = -2*b(z) - 7*l(z). List the prime factors of s(1).
2, 3, 5
Suppose 29*l - 26*l + 654 = 0. Let a = -105 - l. What are the prime factors of a?
113
Let t(g) = -3*g**3 + 1. Let l be t(-1). Suppose -5*c - 3 = l*v, 4*v + 10 = -v. List the prime factors of 6*(8/6 - c).
2
Let w(g) = -3*g**3 - 2*g**2 + 5*g + 4. Let p be w(-5). Suppose 0 = 2*i + 5*l - 151, -49 = 3*i - 2*l - p. What are the prime factors of i?
83
Let c be 1056*(-2 - (-2 - -2))/(-3). What are the prime factors of c/9 + 22/(-99)?
2, 3, 13
Let r(q) = -113*q**3 - 2*q**2 - 2*q - 1. Let p be r(-1). Suppose 25 = 6*h + 7. Suppose -x = h*x - p. List the prime factors of x.
2, 7
Let u(k) = k**2 - 5*k - 5. Let q = 23 - 29. List the prime factors of u(q).
61
Suppose -w + 0 = -5. Suppose 3*p = -3*h - 6, -2*h + w*p + 25 = -6. Let q = h + 0. What are the prime factors of q?
3
Suppose -3*u = -4*i - 1702, -4*i + 2826 = u + 4*u. What are the prime factors of u?
2, 283
Let u = -2788 + 7729. What are the prime factors of u?
3, 61
Suppose 774*m - 10964 = 770*m. What are the prime factors of m?
2741
Let o be 20/(-6)*(-6)/(-4). Let v = o - 1. Let f(u) = u**3 + 8*u**2 + 9*u - 3. What are the prime factors of f(v)?
3, 5
Let u be 0 - (2 + -8*2). Suppose 6*b = 4 + u. Suppose 0 = -5*s + 5*a + 160, -5*s + 0*s + 166 = -b*a. List the prime factors of s.
5, 7
Let r(f) = -2*f**3 - 12*f**2 - 15*f + 3. List the prime factors of r(-6).
3, 31
Let l(z) = 2*z + 6*z + 11*z. List the prime factors of l(1).
19
Suppose 2*r + 97 = -3*h - 18, 0 = -h - 4*r - 35. Let v = h + 57. List the prime factors of v.
2, 3
Let s(b) = 50*b + 204. List the prime factors of s(7).
2, 277
Let p be (10365/6)/5*2. Suppose -89 - p = -4*g - 2*b, -5*g + 3*b = -953. What are the prime factors of g?
193
Suppose 4099 + 3026 = 3*f. What are the prime factors of f?
5, 19
Let d = -47 + 119. Suppose -2*k = k - d. What are the prime factors of k?
2, 3
Suppose 114*w = 109*w + 1185. What are the prime factors of w?
3, 79
Let k(h) = -7*h - 15. Let j be k(-8). Let m = j - 6. List the prime factors of m.
5, 7
Let h(p) = p - 6. Let n be h(9). Suppose -f = 2*k - 9, -n*f + k + 84 - 22 = 0. List the prime factors of (-1 + f)*(-3)/(-6).
3
Let u = -11 + 9. Let f be u/(-8) + 114/24. Suppose f*j - 47 = 63. List the prime factors of j.
2, 11
Suppose 0*h = -2*s + 5*h + 198, 2*h = -s + 81. List the prime factors of s.
89
Let v(q) = -q**2 - 13*q + 13. Let i be v(-14). List the prime factors of ((2 + i)*3)/1.
3
Let u(a) = -a**2 - a. Let j(z) = -z**2 + 11*z - 6. Let w be j(10). Let i(h) = 5*h**2 - 3*h - 5. Let x(k) = w*u(k) + i(k). List the prime factors of x(8).
3
Let d(p) = -738 + 717 - p**3 - 3*p + 14*p - 19*p**2. List the prime factors of d(-20).
3, 53
Let c(f) = -2*f - 2. Let a be c(-7). Suppose 3*u - 5*l = a, -2*l - 55 + 16 = -5*u. What are the prime factors of u?
3
Let t(v) = v**3 - 7*v**2 - 2*v + 5. Let x be t(7). Let w be (0 - (-4)/(-12))*x. Suppose -32 = -w*r + r. List the prime factors of r.
2
Suppose 7*s + 2 = 5*s. Let a be (s + 2)/(2/10). Suppose -5*g + 62 = -g + 5*r, a*g - 82 = -4*r. List the prime factors of g.
2, 3
What are the prime factors of 6023780/1260 - (-2)/9?
7, 683
Let b(l) = 22*l**2 - 14*l - 105. What are the prime factors of b(-11)?
2711
Let s = 1768 - 217. What are the prime factors of s?
3, 11, 47
Suppose 0 = -2*g - 2. List the prime factors of (-18 - -7)*(g + 25)/(-2).
2, 3, 11
Let d(t) = -6*t**2 + 2*t + t**3 - 17 + 2 - t**2. What are the prime factors of d(8)?
5, 13
Let n be 9/((-3 - -1)/2). Let u = n + 11. Suppose -u*g + g + 6 = t, 3*g = -5*t + 36. List the prime factors of t.
3
Suppose -4*g - 321 = -3*y - 3*g, -4*y + 430 = -2*g. List the prime factors of y.
2, 53
Suppose k + 9 = 10. List the prime factors of 2/k + (-170)/(-5).
2, 3
Let v be 1/(-6) + 4826/12. Suppose 0 = -10*n + 4*n + v. Let c = -23 + n. What are the prime factors of c?
2, 11
Let h(g) = 0*g + 4*g + 0*g**2 - 10 - g + g**2. Let y be h(-5). Suppose y*p = p - 13. What are the prime factors of p?
13
Suppose -2*h - 2*h = -12. Suppose 3*u = -3*p - 3, 2*p + u + 2 = h. List the prime factors of 4/p - 41/(-1).
43
Suppose 2*x - 370 = 8*h - 6*h, 2*x - 342 = -5*h. List the prime factors of x.
181
List the prime factors of 166*-174*7/(-84).
29, 83
Suppose -4*n + 1 = -11. Let u(j) = 5*j + 6. Let r be u(n). Let g = 5 + r. List the prime factors of g.
2, 13
Let z be ((-28)/(-21))/(2/3). List the prime factors of z*(925/10 + 4).
193
Let x = 376 - 112. What are the prime factors of x?
2, 3, 11
Let j(w) = -w**3 - 5*w**2 - w - 12. Let k be j(-6). Let p = -22 + k. What are the prime factors of p?
2
Suppose -5*j + m + 2469 = 346, 1263 = 3*j + 3*m. What are the prime factors of j?
2, 53
Let d(u) = -u**2 + 7*u + 2. Let k be d(6). Suppose k*r = 6*r. Suppose -2*z + 5*b = 2*z - 116, r = b. List the prime factors of z.
29
Let c = 266 - -882. Suppose -4*t + 7*b = 3*b - 1172, 4*t + 4*b = c. What are the prime factors of t?
2, 5, 29
Suppose 1831 = 5*v + 4*m, 48 = -3*v - 3*m + 1146. What are the prime factors of v?
367
Suppose 29*o + 8196 = 33*o. What are the prime factors of o?
3, 683
Let v(j) = 3*j**3 - 47*j**2 - 16*j + 24. List the prime factors of v(16).
2, 3
Let w(k) = k**2 - 7*k - 37. Let a be w(11). Suppose -a*p - p + 248 = 0. What are the prime factors of p?
31
Let a(y) = 7*y - 87. Let z be a(12). What are the prime factors of (-2)/z - (-1 - (-800)/(-15))?
5, 11
Suppose -5*p + 2281 = -2*a, -8*a = 5*p - 12*a - 2277. What are the prime factors of p?
457
Let d(b) = 2*b**2 + b + 5. Let r be d(14). Suppose -5*x + 109 = -r. Suppose -3*n = -0*u + u - x, -u - 36 = -n. List the prime factors of n.
5, 7
Let v = 1601 + -777. List the prime factors of v.
2, 103
Suppose -32*o + 37694 = 4958. What are the prime factors of o?
3, 11, 31
Suppose 0 = 3*k + 26 + 64. Let p = 53 + k. What are the prime factors of p?
23
Let c be (-12)/2*-1*10/15. Let x = c + 10. What are the prime factors of x?
2, 7
Let a(f) = f - 4. Let h be a(7). Suppose 5*g = s + s - 206, h*s - 4*g = 302. What are the prime factors of s?
2, 7
Let s = -846 - -969. List the prime factors of s.
3, 41
Suppose -1022*f + 642 = -1016*f. List the prime factors of f.
107
Let s(k) = 7*k**2 + 25*k + 14. Let o be s(-18). List the prime factors of o/24 + 2/3.
7, 11
Suppose 59*h + 60135 = 232474. List the prime factors of h.
23, 127
Let n be 75/20 - 9/12. Let i(s) = -7*s - 7 + n + 1 - 5. List the prime factors of i(-4).
2, 5
Let v = -33 - -47. Let q = 80 + v. Suppose 4*s + 2*c = q, 4*c = -3*s + s + 32. List the prime factors of s.
2, 13
Suppose 1623*j - 1627*j + 7184 = 0. What are the prime factors of j?
2, 449
Let x be 2/1*25/20*2. Suppose -2*j = -f + j + 195, x*f - 918 = -4*j. What are the prime factors of f?
2, 3, 31
Let f(k) = -k**2 - 2*k + 3. Let w be 5/5 + -2 + 1. Let u be f(w). Suppose u*z = -4*d + 96, z - 2*d - 32 = -0*z. What are the prime factors of z?
2
Suppose -17 = 4*f + 39. Let w be 4/f*(-42)/6. Suppose -106 = -2*u - 4*v, w*u + 3*v - 102 = -2*v. List the prime factors of u.
61
Let x(g) = g**2 - 5*g + 9. Let u be x(5). Suppose 7*m = u*m - 4. What are the prime factors of 1/2 - (-77)/m?
3, 13
Suppose 4*o = 4, y - o - 24 = -4*y. Suppose 4 + 0 = -4*d, -y*k = 5*d - 585. What are the prime factors of k?
2, 59
Suppose 10 = 2*q, -4*q = 3*d - 11398 + 1808. What are the prime facto